y(8)?
40
Suppose -12 = 3*x - 4*x - 3*x. Let z be (2 + 18)*(-1)/(-2). Let y = 17 - z. What is the remainder when y is divided by x?
1
Let c be 2 + 0 + (2 - 4). Suppose c = 7*g - 4*g. Suppose -r + 59 = s - g*s, 2*r = 4*s + 130. Calculate the remainder when r is divided by 16.
13
Suppose -3*z - 2*m + 63 = -7*m, -4*m = -5*z + 118. Calculate the remainder when z is divided by 16.
10
Suppose -6*t = h - 3*t - 12, -h + 2*t + 37 = 0. Let y = -3 - -17. Calculate the remainder when h is divided by y.
13
Let t = -16 - -28. What is the remainder when 134/1675 + (-1423)/(-25) is divided by t?
9
Let x(l) = -2*l + 4. Suppose -60 = 3*o - 4*c, 2*o + c - 3*c = -38. What is the remainder when 71 is divided by x(o)?
35
Let x(q) = 69*q - 1342. Calculate the remainder when 119 is divided by x(21).
12
Let v(y) = -y - 4. Let o = -15 + 2. What is the remainder when ((-1)/(-2))/(2/172) is divided by v(o)?
7
Suppose -2*f = -17 - 15. What is the remainder when 29 is divided by f?
13
Let j(p) = 2*p**3 + 52*p**2 + 39*p - 45. Calculate the remainder when j(-24) is divided by 4.
3
Let w(c) = 2*c**2 - 13*c - 6. Let i be w(8). Suppose -9 = -d + i. What is the remainder when 50 is divided by d?
23
Let h(p) = 30*p**2 + 7*p + 9. Let r be h(-2). What is the remainder when (-4)/24 + r/6 is divided by 14?
5
Let h(k) = k**3 - 24*k**2 - 24*k + 39. Calculate the remainder when h(25) is divided by 14.
8
Let x(f) = 14*f - 5. Let h(y) = 27*y - 9. Let a(n) = -6*h(n) + 11*x(n). Let j be a(-1). Calculate the remainder when 34 is divided by (1/(-3))/(j/(-378)).
16
Let g = -6 - -11. Let j(u) = 4*u**2 + 2*u + 4. Let x be j(-2). Let a = -8 + x. What is the remainder when a is divided by g?
3
Let b(q) = -8*q + 128. What is the remainder when b(13) is divided by 2?
0
Suppose -2*v - l + 2 + 4 = 0, 0 = -5*v + 4*l + 2. Suppose 2*t - 16 = 2*u, v*t - 34 = -3*u - 3. Calculate the remainder when 21 is divided by t.
10
Let r be 2/8 - 63/12. Let b = 2 - r. Suppose 2*d - b = 29. Calculate the remainder when 52 is divided by d.
16
Let v = -40 + -15. Let s = -21 - v. Calculate the remainder when 100 is divided by s.
32
Suppose 0 = -3*p - 0*p + 423. What is the remainder when p is divided by (-2590)/(-72) + 2/8 - 92/414?
33
Calculate the remainder when -18*(-13)/312 + 410/8 is divided by (30/8 + -1)*4.
8
Let s be -4*3/6 + 21. Let u = 20 - s. Calculate the remainder when u is divided by 1.
0
Let s(w) = 31*w**2 + 24*w - 76. What is the remainder when s(3) is divided by 94?
87
Suppose -6*j - 18 = -p - 3*j, -2*p = -5*j - 38. Calculate the remainder when 453 is divided by p.
21
What is the remainder when 129 is divided by (-13981)/(-209) + 8/76?
62
Let l = -28 + 46. Let w(k) = 4*k**2 + 2*k - 1. Let b be w(1). Suppose -2*h = -0*h - 2*x - 4, -32 = -h - b*x. Calculate the remainder when l is divided by h.
4
Suppose j = 20 + 31. Suppose 2*v - 4*g - 8 = 4*v, 2*v - 4 = 2*g. Let l(o) = o**2 + o + 13. Calculate the remainder when j is divided by l(v).
12
Let k = -69 - -71. Suppose i - 5*g + 6 = 0, -k*i - g + 4 = -3*g. Suppose -2*w = -5*x - 6*w + 14, w = -2*x + 8. Calculate the remainder when x is divided by i.
2
Calculate the remainder when 708 is divided by (5 + -4)/((-10)/(-890)).
85
Let k(b) = 2*b + 22. Let r be k(11). Let a = 59 - r. Calculate the remainder when 73 is divided by a.
13
What is the remainder when 50 is divided by 36/(-16) - 375/(-12)?
21
Let s = 36 - 0. Suppose 0 = -3*y - 4*o + s, 0*o - 30 = -3*y - 2*o. Suppose 60 = y*w - 3*w. Calculate the remainder when w is divided by 7.
5
Let t(v) = v**2 + 7*v - 13. Let b be t(-11). Suppose -3*f = -i - b, 3*i - 19 = -2*f + 2*i. Calculate the remainder when (-2)/4 + 715/f is divided by 24.
23
Let h be 47/9 - (-4)/(-18). Suppose -3*n + h = 4*b - 1, 0 = 4*n + 4*b - 12. Let o = -294 + 317. What is the remainder when o is divided by n?
5
Let f(n) be the third derivative of -n**4/6 - 2*n**3/3 + 33*n**2. What is the remainder when 190 is divided by f(-9)?
30
Suppose -3*h + 3*b = 51, 4*h + 65 - 6 = -5*b. Calculate the remainder when 60 is divided by (-16)/(h/4) - (-1 - 27).
28
Let k be -2*(1 - (-15)/(-5)). Suppose 5*h + 10 = 7*g - 2*g, -9 = -k*g + 5*h. What is the remainder when 3 is divided by g?
0
Let r = -57 - -152. What is the remainder when r is divided by 11?
7
Let t = -1267 + 1381. What is the remainder when t is divided by 62?
52
Let f = -456 + 472. Calculate the remainder when 127 is divided by f.
15
Suppose 4*x - 32*v + 27*v - 514 = 0, 5*x - 5*v = 640. Calculate the remainder when x is divided by 15.
6
Let m(j) = -j - 14. Let g be m(-6). Let p = -5 - g. Let x = 24 - p. Calculate the remainder when x is divided by 8.
5
Suppose 0 = -16*v - 17 + 289. Calculate the remainder when 152 is divided by v.
16
Suppose 4*l - 22 = -5*q + 54, 3*q - 28 = 2*l. Suppose 2*j - 123 = -3*n, 4*n - 2*n - 4*j - 98 = 0. Calculate the remainder when n is divided by q.
7
Suppose 4*w = 7*w - 24. Suppose 0 = -2*a + 122 + w. Calculate the remainder when a is divided by 23.
19
What is the remainder when -5 + (-12 - -504)*2/8 is divided by 20?
18
Let v(c) = c**3 + 10*c**2 + 7. Let s(f) = f**2 + 8*f + 6. Let u be s(-4). What is the remainder when 34 is divided by v(u)?
6
Suppose -2*q = -2*d - 48, 4*q - 2*d - 92 = -0*d. What is the remainder when q is divided by 11?
0
Calculate the remainder when 511 - 104 - 6/(-4)*-2 is divided by 41.
35
Let d(w) = -2*w**3 - w**2 - 5*w - 3. Let z be (-464)/26 + 24/(-156). Let r = 33 + z. Calculate the remainder when d(-3) is divided by r.
12
Let s(d) = -7*d**3 - 1. Suppose -5 = -5*o + 5*p, 3*o - 4*p - 11 = -3*p. What is the remainder when s(-1) is divided by o?
1
Let z(q) = -q**3 + 17*q**2 - 31*q - 17. Let y be z(15). Calculate the remainder when (-7)/(28/y) - -2 is divided by 4.
2
Let s(u) = -u**3 + 5*u**2 + 28*u - 22. What is the remainder when 36 is divided by s(8)?
6
Let y = 64 - 1. Let d = y + -46. Let u = 50 + 16. What is the remainder when u is divided by d?
15
Let o(y) = -y + 17. Let f be -4 - -1 - (1 + 0). What is the remainder when 63 + (f - -4 - 0) is divided by o(0)?
12
Let x(z) = -z**3 + 7*z**2 - 9*z + 12. Suppose 0 = -g + 9 - 5. What is the remainder when ((-46)/4*-8)/1 is divided by x(g)?
20
Let j be (4/(-8))/(2/32). Let h = j - -28. Let a(c) = 3*c - 16. Calculate the remainder when h is divided by a(9).
9
Let x be 3/6 + 3/(-2). Suppose -19*f + 352 = 3*f. What is the remainder when (0 + x)*174/(-6) is divided by f?
13
Suppose k - 5*h = -2*k + 699, -2*k = -3*h - 465. Calculate the remainder when k is divided by 44.
8
Suppose 2*s - m = -s + 5, 2*s - 8 = -4*m. Let x be (3 - 0/(-1))*1. Suppose -3*z + 0 = -x. Calculate the remainder when s is divided by z.
0
Suppose 3*h = 34 - 22. What is the remainder when 85 is divided by h?
1
Suppose 0*o = -2*o + 2. What is the remainder when 9/(-54)*0 + 2 is divided by o?
0
Suppose -210 - 366 = -4*d - 2*l, d + 3*l - 134 = 0. Calculate the remainder when 581 is divided by d.
143
Let j = -59 - -61. What is the remainder when 85 is divided by (-1)/(j/(2 - -1 - 49))?
16
Let d = -883 + 917. Suppose 0 = 4*x - 2*x + 26. Let j = d + x. What is the remainder when 60 is divided by j?
18
Let m = -2794 + 2839. Suppose 4*c + 4*p = 724, -5*p - 581 + 62 = -3*c. Calculate the remainder when c is divided by m.
43
Let r = 32 - 27. Suppose -3*l - 55 - 55 = -r*i, 0 = -i + 5*l. Calculate the remainder when 72 is divided by i.
22
Suppose -16*u = -47*u + 8866. Calculate the remainder when u is divided by 76.
58
Suppose 3*v = -40 + 112. Suppose 5*z - 2*x = 63 + 170, 4*x - 192 = -4*z. Calculate the remainder when z is divided by v.
23
Let s(y) = -y + 54. Calculate the remainder when s(27) is divided by 7.
6
Let n(o) be the first derivative of -o**3/3 + 9*o**2/2 + 8*o - 13. Let g be n(9). Suppose g*f = 11*f - 24. Calculate the remainder when 39 is divided by f.
7
Let t(f) = 6*f - 3. Let l(b) = -b + 1. Let m(r) = -4*l(r) + t(r). Suppose 0 = -4*d - 3*w + 75, 0 = w - 3 + 2. Calculate the remainder when m(6) is divided by d.
17
Let z(n) = -n + 11. Let b be z(0). Suppose 0 = 3*x + 2*c - 11, 0 = -3*x - 2*x + 4*c + b. Calculate the remainder when (-145)/(-15) - (-2)/6 is divided by x.
1
Suppose -4 = -5*o + 3*o. Let y(u) = u**2 + 2*u + 7. What is the remainder when y(-3) is divided by (-1)/(0 + o/(-12))?
4
What is the remainder when ((-640)/30 - 